{"id":198,"date":"2020-10-03T11:41:26","date_gmt":"2020-10-03T11:41:26","guid":{"rendered":"https:\/\/victorthemes.com\/themes\/builderspot\/?page_id=198"},"modified":"2020-12-08T13:19:45","modified_gmt":"2020-12-08T13:19:45","slug":"blog-grid","status":"publish","type":"page","link":"https:\/\/victorthemes.com\/themes\/builderspot\/blog-grid\/","title":{"rendered":"Blog Grid"},"content":{"rendered":"\t\t<div data-elementor-type=\"wp-page\" data-elementor-id=\"198\" class=\"elementor elementor-198\">\n\t\t\t\t\t\t\t\t\t<section class=\"elementor-section elementor-top-section elementor-element elementor-element-df7863c elementor-section-boxed elementor-section-height-default elementor-section-height-default\" data-id=\"df7863c\" data-element_type=\"section\">\n\t\t\t\t\t\t<div class=\"elementor-container elementor-column-gap-default\">\n\t\t\t\t\t<div class=\"elementor-column elementor-col-100 elementor-top-column elementor-element elementor-element-3edfd0a\" data-id=\"3edfd0a\" data-element_type=\"column\">\n\t\t\t<div class=\"elementor-widget-wrap elementor-element-populated\">\n\t\t\t\t\t\t\t\t<div class=\"elementor-element elementor-element-a3bc488 elementor-widget elementor-widget-vt-builderspot_blog\" data-id=\"a3bc488\" data-element_type=\"widget\" data-widget_type=\"vt-builderspot_blog.default\">\n\t\t\t\t<div class=\"elementor-widget-container\">\n\t\t\t\r\n\t\t<div class=\"news-items-wrap\">\r\n\t\t\t<div class=\"row\">\r\n\t\t\t\t\t\t\t  <div class=\"col-md-6\">\r\n\t\t\t\t  <div class=\"news-items-wrap\">\r\n\t\t\t\t\t\t<div class=\"blspt-news-item no-img\">\r\n\t\t\t\t\t\t\t<div id=\"post-3055\" class=\"blspt-blog-post post-3055 post type-post status-publish format-standard hentry category-uncategorized\">\r\n\t\t\t\t\t\t\t\t\t\t\t\t\t\t\t  <div class=\"blspt-news-info\">\r\n\t\t\t\t\t\t\t  \t<div class=\"blspt-news-info-inner\">\r\n\t\t\t\t\t\t        <div class=\"blspt-title-wrap\">\r\n\t\t\t\t\t\t        \t<div class=\"blspt-listing-meta\">\r\n\t\t\t\t\t\t\t          \t\t\t\t\t\t\t          \t<span class=\"news-author\"><a href=\"https:\/\/victorthemes.com\/themes\/builderspot\/author\/victorthemes\/\">VictorThemes<\/a><\/span>\r\n\t\t\t\t\t\t\t          \t\t\t\t\t\t              <span class=\"news-date\">March 28, 2024<\/span>\r\n\t\t\t\t\t\t            \t\t\t\t\t\t\t            <span class=\"news-category\">\r\n\t\t\t\t\t\t\t\t      \t    \t\t\t\t\t\t\t\t              <a href=\"https:\/\/victorthemes.com\/themes\/builderspot\/category\/uncategorized\/\">Uncategorized<\/a>\r\n\t\t\t\t\t\t            \t\t \r\n\t\t\t\t\t\t\t          \t<\/span>\r\n\t\t\t\t\t\t          \t\t\t\t\t\t\t\t        <\/div>\r\n\t\t\t\t\t\t          <h3 class=\"blspt-news-title\"><a href=\"https:\/\/victorthemes.com\/themes\/builderspot\/we-tried-the-8-best-free-relationship-apps-for-2023\/\">We Tried The 8 Best Free Relationship Apps For 2023<\/a><\/h3>\r\n\t\t\t\t\t\t        <\/div>\r\n\t\t\t\t\t\t\t\t    <p>Content About Russiancupid Exploring The Post-growth Economy To progress Mexico\u2019s International Automotive Business I created this relationship watchdog site to assist others like me keep away from this disaster before it is too late. RussianCupid&#8230;<\/p>\t\t\t\t\t\t\t\t\t\t<div class=\"blspt-btn-wrap\">\r\n\t\t\t\t\t\t\t\t      <a href=\"https:\/\/victorthemes.com\/themes\/builderspot\/we-tried-the-8-best-free-relationship-apps-for-2023\/\" class=\"blspt-btn\"><span>Read More<\/span><\/a>\r\n\t\t\t\t\t\t\t\t    <\/div>\r\n\t\t\t\t\t\t\t\t  <\/div>\r\n\t\t\t\t\t\t\t  <\/div>\r\n\t\t\t\t\t\t\t<\/div>\r\n\t\t\t\t\t\t<\/div>\r\n\t\t\t\t\t<\/div>\r\n\t\t\t\t<\/div>\r\n\t\t\t  \t\t\t  <div class=\"col-md-6\">\r\n\t\t\t\t  <div class=\"news-items-wrap\">\r\n\t\t\t\t\t\t<div class=\"blspt-news-item no-img\">\r\n\t\t\t\t\t\t\t<div id=\"post-3015\" class=\"blspt-blog-post post-3015 post type-post status-publish format-standard hentry category-uncategorized\">\r\n\t\t\t\t\t\t\t\t\t\t\t\t\t\t\t  <div class=\"blspt-news-info\">\r\n\t\t\t\t\t\t\t  \t<div class=\"blspt-news-info-inner\">\r\n\t\t\t\t\t\t        <div class=\"blspt-title-wrap\">\r\n\t\t\t\t\t\t        \t<div class=\"blspt-listing-meta\">\r\n\t\t\t\t\t\t\t          \t\t\t\t\t\t\t          \t<span class=\"news-author\"><a href=\"https:\/\/victorthemes.com\/themes\/builderspot\/author\/victorthemes\/\">VictorThemes<\/a><\/span>\r\n\t\t\t\t\t\t\t          \t\t\t\t\t\t              <span class=\"news-date\">March 23, 2024<\/span>\r\n\t\t\t\t\t\t            \t\t\t\t\t\t\t            <span class=\"news-category\">\r\n\t\t\t\t\t\t\t\t      \t    \t\t\t\t\t\t\t\t              <a href=\"https:\/\/victorthemes.com\/themes\/builderspot\/category\/uncategorized\/\">Uncategorized<\/a>\r\n\t\t\t\t\t\t            \t\t \r\n\t\t\t\t\t\t\t          \t<\/span>\r\n\t\t\t\t\t\t          \t\t\t\t\t\t\t\t        <\/div>\r\n\t\t\t\t\t\t          <h3 class=\"blspt-news-title\"><a href=\"https:\/\/victorthemes.com\/themes\/builderspot\/asianmelodies-evaluation-how-secure-is-asian-melodies-website\/\">Asianmelodies Evaluation: How Secure Is Asian Melodies Website?<\/a><\/h3>\r\n\t\t\t\t\t\t        <\/div>\r\n\t\t\t\t\t\t\t\t    <p>Content material Love In Malaysia: Unveiling The Charms Of Relationship Malaysian Girls How Good Is certainly Asianmelodies As A Relationship Internet site? The Eight Forms Of Men You\u2019ll Meet On Japanese Relationship Websites AsiaFriendFinder also&#8230;<\/p>\t\t\t\t\t\t\t\t\t\t<div class=\"blspt-btn-wrap\">\r\n\t\t\t\t\t\t\t\t      <a href=\"https:\/\/victorthemes.com\/themes\/builderspot\/asianmelodies-evaluation-how-secure-is-asian-melodies-website\/\" class=\"blspt-btn\"><span>Read More<\/span><\/a>\r\n\t\t\t\t\t\t\t\t    <\/div>\r\n\t\t\t\t\t\t\t\t  <\/div>\r\n\t\t\t\t\t\t\t  <\/div>\r\n\t\t\t\t\t\t\t<\/div>\r\n\t\t\t\t\t\t<\/div>\r\n\t\t\t\t\t<\/div>\r\n\t\t\t\t<\/div>\r\n\t\t\t  \t\t\t  <div class=\"col-md-6\">\r\n\t\t\t\t  <div class=\"news-items-wrap\">\r\n\t\t\t\t\t\t<div class=\"blspt-news-item no-img\">\r\n\t\t\t\t\t\t\t<div id=\"post-2974\" class=\"blspt-blog-post post-2974 post type-post status-publish format-standard hentry category-uncategorized\">\r\n\t\t\t\t\t\t\t\t\t\t\t\t\t\t\t  <div class=\"blspt-news-info\">\r\n\t\t\t\t\t\t\t  \t<div class=\"blspt-news-info-inner\">\r\n\t\t\t\t\t\t        <div class=\"blspt-title-wrap\">\r\n\t\t\t\t\t\t        \t<div class=\"blspt-listing-meta\">\r\n\t\t\t\t\t\t\t          \t\t\t\t\t\t\t          \t<span class=\"news-author\"><a href=\"https:\/\/victorthemes.com\/themes\/builderspot\/author\/victorthemes\/\">VictorThemes<\/a><\/span>\r\n\t\t\t\t\t\t\t          \t\t\t\t\t\t              <span class=\"news-date\">March 20, 2024<\/span>\r\n\t\t\t\t\t\t            \t\t\t\t\t\t\t            <span class=\"news-category\">\r\n\t\t\t\t\t\t\t\t      \t    \t\t\t\t\t\t\t\t              <a href=\"https:\/\/victorthemes.com\/themes\/builderspot\/category\/uncategorized\/\">Uncategorized<\/a>\r\n\t\t\t\t\t\t            \t\t \r\n\t\t\t\t\t\t\t          \t<\/span>\r\n\t\t\t\t\t\t          \t\t\t\t\t\t\t\t        <\/div>\r\n\t\t\t\t\t\t          <h3 class=\"blspt-news-title\"><a href=\"https:\/\/victorthemes.com\/themes\/builderspot\/%e3%80%90oficjalna-strona-i-bonus-t-pln\/\">\u3010oficjalna Strona I Bonus T Pln<\/a><\/h3>\r\n\t\t\t\t\t\t        <\/div>\r\n\t\t\t\t\t\t\t\t    <p>\u3010oficjalna Strona I Bonus T Pln\u3011 &#8220;oficjalna Strona Content Parimatch Casino Wp\u0142aty I Actually Wyp\u0142aty Q: B\u0105d\u017a Jest Mo\u017cliwo\u015b\u0107 Grania W Trybie Demo? Czy Mo\u017cna Zresetowa\u0107 Has\u0142o Do Konta Parimatch W Razie Utraty Danych? Niezwyk\u0142e:&#8230;<\/p>\t\t\t\t\t\t\t\t\t\t<div class=\"blspt-btn-wrap\">\r\n\t\t\t\t\t\t\t\t      <a href=\"https:\/\/victorthemes.com\/themes\/builderspot\/%e3%80%90oficjalna-strona-i-bonus-t-pln\/\" class=\"blspt-btn\"><span>Read More<\/span><\/a>\r\n\t\t\t\t\t\t\t\t    <\/div>\r\n\t\t\t\t\t\t\t\t  <\/div>\r\n\t\t\t\t\t\t\t  <\/div>\r\n\t\t\t\t\t\t\t<\/div>\r\n\t\t\t\t\t\t<\/div>\r\n\t\t\t\t\t<\/div>\r\n\t\t\t\t<\/div>\r\n\t\t\t  \t\t\t  <div class=\"col-md-6\">\r\n\t\t\t\t  <div class=\"news-items-wrap\">\r\n\t\t\t\t\t\t<div class=\"blspt-news-item no-img\">\r\n\t\t\t\t\t\t\t<div id=\"post-2961\" class=\"blspt-blog-post post-2961 post type-post status-publish format-standard hentry category-uncategorized\">\r\n\t\t\t\t\t\t\t\t\t\t\t\t\t\t\t  <div class=\"blspt-news-info\">\r\n\t\t\t\t\t\t\t  \t<div class=\"blspt-news-info-inner\">\r\n\t\t\t\t\t\t        <div class=\"blspt-title-wrap\">\r\n\t\t\t\t\t\t        \t<div class=\"blspt-listing-meta\">\r\n\t\t\t\t\t\t\t          \t\t\t\t\t\t\t          \t<span class=\"news-author\"><a href=\"https:\/\/victorthemes.com\/themes\/builderspot\/author\/victorthemes\/\">VictorThemes<\/a><\/span>\r\n\t\t\t\t\t\t\t          \t\t\t\t\t\t              <span class=\"news-date\">March 20, 2024<\/span>\r\n\t\t\t\t\t\t            \t\t\t\t\t\t\t            <span class=\"news-category\">\r\n\t\t\t\t\t\t\t\t      \t    \t\t\t\t\t\t\t\t              <a href=\"https:\/\/victorthemes.com\/themes\/builderspot\/category\/uncategorized\/\">Uncategorized<\/a>\r\n\t\t\t\t\t\t            \t\t \r\n\t\t\t\t\t\t\t          \t<\/span>\r\n\t\t\t\t\t\t          \t\t\t\t\t\t\t\t        <\/div>\r\n\t\t\t\t\t\t          <h3 class=\"blspt-news-title\"><a href=\"https:\/\/victorthemes.com\/themes\/builderspot\/mostbet-turkiyede-online-casino-mostbet-online-slotlar-ve-canli-casin\/\">Mostbet: T\u00fcrkiye&#8217;de Online Casino Mostbet Online Slotlar Ve Canl\u0131-casin<\/a><\/h3>\r\n\t\t\t\t\t\t        <\/div>\r\n\t\t\t\t\t\t\t\t    <p>Mostbet: T\u00fcrkiye&#8217;de Online Casino Mostbet Online Slotlar Ve Canl\u0131-casino Mostbet Casino T\u00fcrkiye Online &#038; Canl\u0131 Oyunlar Added Bonus 2500 Try Content Mostbet&#8217;e Kaydolun Ve Giri\u015f Yap\u0131n Para \u00c7ekme S\u00fcresi T\u00fcrkiye\u2019de Mostbet Casino Bonuslar\u0131 Mostbet \u00c7evrimi\u00e7i&#8230;<\/p>\t\t\t\t\t\t\t\t\t\t<div class=\"blspt-btn-wrap\">\r\n\t\t\t\t\t\t\t\t      <a href=\"https:\/\/victorthemes.com\/themes\/builderspot\/mostbet-turkiyede-online-casino-mostbet-online-slotlar-ve-canli-casin\/\" class=\"blspt-btn\"><span>Read More<\/span><\/a>\r\n\t\t\t\t\t\t\t\t    <\/div>\r\n\t\t\t\t\t\t\t\t  <\/div>\r\n\t\t\t\t\t\t\t  <\/div>\r\n\t\t\t\t\t\t\t<\/div>\r\n\t\t\t\t\t\t<\/div>\r\n\t\t\t\t\t<\/div>\r\n\t\t\t\t<\/div>\r\n\t\t\t        <div class=\"blspt-pagination\">\n        <ul class='page-numbers'>\n\t<li><span aria-current=\"page\" class=\"page-numbers current\">1<\/span><\/li>\n\t<li><a class=\"page-numbers\" href=\"https:\/\/victorthemes.com\/themes\/builderspot\/wp-json\/wp\/v2\/pages\/198\/page\/2\/\">2<\/a><\/li>\n\t<li><a class=\"page-numbers\" href=\"https:\/\/victorthemes.com\/themes\/builderspot\/wp-json\/wp\/v2\/pages\/198\/page\/3\/\">3<\/a><\/li>\n\t<li><span class=\"page-numbers dots\">&hellip;<\/span><\/li>\n\t<li><a class=\"page-numbers\" href=\"https:\/\/victorthemes.com\/themes\/builderspot\/wp-json\/wp\/v2\/pages\/198\/page\/64\/\">64<\/a><\/li>\n\t<li><a class=\"next page-numbers\" href=\"https:\/\/victorthemes.com\/themes\/builderspot\/wp-json\/wp\/v2\/pages\/198\/page\/2\/\"><i class=\"fa fa-angle-right\"><\/i><\/a><\/li>\n<\/ul>\n      <\/div>\n    \t\t\t<\/div>\r\n\t\t<\/div>\r\n\t\t\t\t<\/div>\n\t\t\t\t<\/div>\n\t\t\t\t\t<\/div>\n\t\t<\/div>\n\t\t\t\t\t\t\t<\/div>\n\t\t<\/section>\n\t\t\t\t<section class=\"elementor-section elementor-top-section elementor-element elementor-element-ed3c12d elementor-section-stretched elementor-section-boxed elementor-section-height-default elementor-section-height-default\" data-id=\"ed3c12d\" data-element_type=\"section\" data-settings=\"{&quot;stretch_section&quot;:&quot;section-stretched&quot;,&quot;background_background&quot;:&quot;classic&quot;}\">\n\t\t\t\t\t\t<div class=\"elementor-container elementor-column-gap-default\">\n\t\t\t\t\t<div class=\"elementor-column elementor-col-100 elementor-top-column elementor-element elementor-element-00b0da6\" data-id=\"00b0da6\" data-element_type=\"column\">\n\t\t\t<div class=\"elementor-widget-wrap elementor-element-populated\">\n\t\t\t\t\t\t\t\t<div class=\"elementor-element elementor-element-eca1aa0 elementor-widget elementor-widget-vt-builderspot_section_title\" data-id=\"eca1aa0\" data-element_type=\"widget\" data-widget_type=\"vt-builderspot_section_title.default\">\n\t\t\t\t<div class=\"elementor-widget-container\">\n\t\t\t<div class=\"blspt-section-title\"><h5 class=\"section-subtitle subtitle-shape\"><span class=\"title-shape\"><span><\/span><\/span>GET A QUOTES<\/h5><h2 class=\"section-title\">Fill The Form<\/h2><\/div>\t\t<\/div>\n\t\t\t\t<\/div>\n\t\t\t\t<div class=\"elementor-element elementor-element-e672961 elementor-widget elementor-widget-vt-builderspot_contact_form\" data-id=\"e672961\" data-element_type=\"widget\" data-widget_type=\"vt-builderspot_contact_form.default\">\n\t\t\t\t<div class=\"elementor-widget-container\">\n\t\t\t<div class=\"contact-form blspt-form\">\n<div class=\"wpcf7 no-js\" id=\"wpcf7-f89-o1\" lang=\"en-US\" dir=\"ltr\">\n<div class=\"screen-reader-response\"><p role=\"status\" aria-live=\"polite\" aria-atomic=\"true\"><\/p> <ul><\/ul><\/div>\n<form action=\"\/themes\/builderspot\/wp-json\/wp\/v2\/pages\/198#wpcf7-f89-o1\" method=\"post\" class=\"wpcf7-form init\" aria-label=\"Contact form\" novalidate=\"novalidate\" data-status=\"init\">\n<div style=\"display: none;\">\n<input type=\"hidden\" name=\"_wpcf7\" value=\"89\" \/>\n<input type=\"hidden\" name=\"_wpcf7_version\" value=\"5.7.7\" \/>\n<input type=\"hidden\" name=\"_wpcf7_locale\" value=\"en_US\" \/>\n<input type=\"hidden\" name=\"_wpcf7_unit_tag\" value=\"wpcf7-f89-o1\" \/>\n<input type=\"hidden\" name=\"_wpcf7_container_post\" value=\"0\" \/>\n<input type=\"hidden\" name=\"_wpcf7_posted_data_hash\" value=\"\" \/>\n<\/div>\n<div class=\"row\">\n\t<div class=\"col-md-4\">\n\t\t<p><span class=\"wpcf7-form-control-wrap\" data-name=\"your-name\"><input size=\"40\" class=\"wpcf7-form-control wpcf7-text wpcf7-validates-as-required\" aria-required=\"true\" aria-invalid=\"false\" placeholder=\"Name*\" value=\"\" type=\"text\" name=\"your-name\" \/><\/span>\n\t\t<\/p>\n\t<\/div>\n\t<div class=\"col-md-4\">\n\t\t<p><span class=\"wpcf7-form-control-wrap\" data-name=\"your-email\"><input size=\"40\" class=\"wpcf7-form-control wpcf7-text wpcf7-email wpcf7-validates-as-required wpcf7-validates-as-email\" aria-required=\"true\" aria-invalid=\"false\" placeholder=\"Email*\" value=\"\" type=\"email\" name=\"your-email\" \/><\/span>\n\t\t<\/p>\n\t<\/div>\n\t<div class=\"col-md-4\">\n\t\t<p><span class=\"wpcf7-form-control-wrap\" data-name=\"phone-number\"><input size=\"40\" class=\"wpcf7-form-control wpcf7-text wpcf7-tel wpcf7-validates-as-tel\" aria-invalid=\"false\" placeholder=\"Phone*\" value=\"\" type=\"tel\" name=\"phone-number\" \/><\/span>\n\t\t<\/p>\n\t<\/div>\n\t<div class=\"col-md-12 text-center\">\n\t\t<p><input class=\"wpcf7-form-control has-spinner wpcf7-submit\" type=\"submit\" value=\"Send\" \/>\n\t\t<\/p>\n\t<\/div>\n<\/div><div class=\"wpcf7-response-output\" aria-hidden=\"true\"><\/div>\n<\/form>\n<\/div>\n<\/div>\t\t<\/div>\n\t\t\t\t<\/div>\n\t\t\t\t\t<\/div>\n\t\t<\/div>\n\t\t\t\t\t\t\t<\/div>\n\t\t<\/section>\n\t\t\t\t\t\t\t<\/div>\n\t\t","protected":false},"excerpt":{"rendered":"VictorThemes September 30, 2020 Blog Design Signficant Reading Has A More Info Number There are many variations of passages of sum available, but the majority have suffer alteration in some form, by injected humour, or&#8230;","protected":false},"author":1,"featured_media":0,"parent":0,"menu_order":0,"comment_status":"closed","ping_status":"closed","template":"","meta":[],"_links":{"self":[{"href":"https:\/\/victorthemes.com\/themes\/builderspot\/wp-json\/wp\/v2\/pages\/198"}],"collection":[{"href":"https:\/\/victorthemes.com\/themes\/builderspot\/wp-json\/wp\/v2\/pages"}],"about":[{"href":"https:\/\/victorthemes.com\/themes\/builderspot\/wp-json\/wp\/v2\/types\/page"}],"author":[{"embeddable":true,"href":"https:\/\/victorthemes.com\/themes\/builderspot\/wp-json\/wp\/v2\/users\/1"}],"replies":[{"embeddable":true,"href":"https:\/\/victorthemes.com\/themes\/builderspot\/wp-json\/wp\/v2\/comments?post=198"}],"version-history":[{"count":5,"href":"https:\/\/victorthemes.com\/themes\/builderspot\/wp-json\/wp\/v2\/pages\/198\/revisions"}],"predecessor-version":[{"id":888,"href":"https:\/\/victorthemes.com\/themes\/builderspot\/wp-json\/wp\/v2\/pages\/198\/revisions\/888"}],"wp:attachment":[{"href":"https:\/\/victorthemes.com\/themes\/builderspot\/wp-json\/wp\/v2\/media?parent=198"}],"curies":[{"name":"wp","href":"https:\/\/api.w.org\/{rel}","templated":true}]}}